he prime factors of y.
5, 181
Let x = -7583 - -15798. What are the prime factors of x?
5, 31, 53
Let s = 62055 + -36466. List the prime factors of s.
25589
Let y(s) = 988 + 5*s + 30*s - 1016. What are the prime factors of y(10)?
2, 7, 23
Suppose 249*j + 17664 = 265*j. Suppose -28*y + 31*y = j. What are the prime factors of y?
2, 23
Let g(o) = -5*o + 54. Let m(h) = 30*h - 270. Let v(s) = 24*g(s) + 5*m(s). Suppose 2*j - 22 = l, 2*l = j + 7*l + 11. List the prime factors of v(j).
2, 3
Suppose 0*h + 14 = -2*h. Let o(t) = -10*t**3 + 8*t + 0*t**2 - 6*t**3 + 15*t**3 - 3*t**2 + 5. What are the prime factors of o(h)?
5, 29
Let t be (-74)/(-37) + (-4 + 1)/(-3). Suppose -3*x - 3648 = 21*b - 24*b, 3*b + t*x = 3630. What are the prime factors of b?
1213
Let c(d) be the first derivative of -273*d**2/2 + 9*d + 180. List the prime factors of c(-1).
2, 3, 47
Let i(h) = -h**2 + 59*h + 123. What are the prime factors of i(34)?
7, 139
Suppose -8 = 3*v - 3*u - 77, 3*u - 12 = 0. Let i = v + -24. Suppose -i*r + 24 = -9. List the prime factors of r.
11
Suppose 404 = 8*s - 7604. Suppose -x - s = -4*d, -1671 = -5*d + 3*x - 418. What are the prime factors of d?
2, 5
Suppose 0 = -2*n + 5*m + 3336, 0 = 21*n - 22*n - m + 1696. List the prime factors of n.
2, 211
List the prime factors of ((-1380)/24 + -3)*-28.
2, 7, 11
Suppose 92305 = 2*b - 3*s, -3*s = -260*b + 257*b + 138465. What are the prime factors of b?
2, 5, 577
Let r be 255/10*(2 - 0/5). Let k = 436 - r. What are the prime factors of k?
5, 7, 11
Let h be 3/9 - ((-80)/(-15) - 3). Let j(w) = -150*w - 13. What are the prime factors of j(h)?
7, 41
Suppose -f + 31783 = 2*p, -10*p + 11*p - 15904 = -3*f. List the prime factors of p.
15889
Let j be (-7)/(-42) - (-116)/24. Suppose -20*p = -j*p. Suppose p = -3*b - 39 + 420. What are the prime factors of b?
127
Suppose -5*b + 135 = -30. Let o = 51 - b. Suppose -t + o = 2. What are the prime factors of t?
2
Suppose 0 = -3*w + 9, -4*p - 5*w + 6*w = -2605. Suppose 6*r = 1106 + p. What are the prime factors of r?
293
Let t(m) = 10*m**2 + 4*m + 537. What are the prime factors of t(-21)?
3, 1621
Suppose -7*o + 1529 + 466 = 0. What are the prime factors of ((-154)/(-3))/(38/o)?
5, 7, 11
Let q = 13795 - 7761. List the prime factors of q.
2, 7, 431
Let a = -44 + -55. Let w = 12 - a. List the prime factors of w.
3, 37
Suppose 61112 = 10*g + 1707 - 51755. List the prime factors of g.
2, 7, 397
Let q = -1186 + -624. Let x = -979 - q. List the prime factors of x.
3, 277
Suppose 0 = 4*m - 5*r - 8991, -8632 = -4*m + 2*r + 374. Let s be (-2)/(-8) + (-119)/(-4). What are the prime factors of m/s + 12/(-90)?
3, 5
What are the prime factors of (3 - (-79046)/(-6))/(-9 + 208/24)?
2, 23, 859
Suppose 5*b + 3*z = 40327, 4*b + 4*z = 37196 - 4920. What are the prime factors of b?
2, 5, 13, 31
Let x(q) = 3*q**3 + 18*q**2 + 2*q - 27. Let h(g) = g**3 + g**2 - g + 2. Let r(d) = h(d) - x(d). List the prime factors of r(-10).
359
Let z = -736 - -1031. Let n = z + -18. What are the prime factors of n?
277
Suppose 54*l - 5080896 = -90*l. What are the prime factors of l?
2, 8821
Suppose 5*o - 3*b = 29898, 2*o + 11*b - 7*b - 11980 = 0. List the prime factors of o.
2, 3, 997
Let b = -43 - -45. Let q be (-3 - -4)/(7/3 - b). Suppose 0 = p - q*p + 182. List the prime factors of p.
7, 13
Let i = -40748 + 57874. List the prime factors of i.
2, 8563
Let i = 1909 + 4170. List the prime factors of i.
6079
Let o(l) = 71*l**2 - 28*l + 88. Let m = 172 + -167. What are the prime factors of o(m)?
1723
Let b(d) = d - 30. Let p be b(15). What are the prime factors of 108 - (p/3 - -3)?
2, 5, 11
Let r(u) = -u**3 - 3*u**2 - u - 1. Let p be r(-3). Suppose 9*q + 51 = 78. List the prime factors of (q/p)/((-9)/(-102)).
17
Let k(w) = 13*w**2 - 4*w - 3*w**2 + 0*w**3 + 3*w**3 - 12*w**2 + 2. Let o be k(2). Let a(n) = 2*n**2 - 2*n - 19. List the prime factors of a(o).
7, 23
Let g(c) be the second derivative of c**4/6 + 4*c**3 + 11*c**2/2 + 4*c - 6. List the prime factors of g(-15).
101
Let y be (210/35)/(6/8*2). Suppose -2*m = 4, 5*p = m + 20 + 27. Suppose 0 = -5*i - 5*l + 1055, -y*l - 627 = -3*i - p*l. What are the prime factors of i?
2, 107
Suppose 8*w = -113206 + 299822. What are the prime factors of w?
23327
Let s be 66 - 0/(10 + -5). Let f = 60 + s. Suppose -f*l = -129*l + 15. What are the prime factors of l?
5
Let o = -20 + 51. Suppose -4180 = -41*q + o*q. What are the prime factors of q?
2, 11, 19
Suppose -6*a + 14139 - 4725 = 0. Let z = a + -735. What are the prime factors of z?
2, 3, 139
Let d = -6178 + 10908. What are the prime factors of d?
2, 5, 11, 43
List the prime factors of 735*(5 - (11 - 7)).
3, 5, 7
Suppose -32*c + 603927 = -8*c - 15*c. What are the prime factors of c?
67103
Let z be 4 - (-5)/(30/(-12)). Suppose -5*d = 5*f - 2180, f = -z*d - d + 1312. List the prime factors of d.
2, 3, 73
Let h(r) = 4*r - 84. Let f be h(21). Suppose f = -8*q + 7*q + 564. List the prime factors of q.
2, 3, 47
Suppose -5979 - 11181 = -8*q. What are the prime factors of q?
3, 5, 11, 13
What are the prime factors of (-3801 + -1)/((-54)/27 + 8/6)?
3, 1901
Let q(y) = -4*y**2 + 3*y + 126. Let g(k) = k + 127 - 2*k**2 + 4*k - k**2 - 2*k. Let h(r) = 5*g(r) - 4*q(r). What are the prime factors of h(0)?
131
Let p(m) = m**2 + 2*m - 17. Let z be p(5). Let v be 38074/z + 12/(-54). Suppose 3*s = -12*s + v. List the prime factors of s.
3, 47
Suppose -75854 - 125983 = -19*m - 75791. What are the prime factors of m?
2, 31, 107
Let o(s) = -2*s + 12. Let u be o(-4). Let x be 2/((-50)/(-45))*u/6. Suppose 0 = -x*m + 88 + 1004. What are the prime factors of m?
2, 7, 13
What are the prime factors of (162438/(-4))/(-2 + (-7 - 30/(-4)))?
27073
Let a = -16 - -19. Suppose -5831 = -5*j - a*c - 0*c, 6 = -2*c. What are the prime factors of j?
2, 73
Let d = -62077 - -120467. List the prime factors of d.
2, 5, 5839
Let r = -3771 - -3781. Let g be 1 + (-1)/(1/(-1)). Suppose 12 = -g*n + 4*n - 3*s, 2*n = 4*s + r. What are the prime factors of n?
3
Let i be 3456/(54/(-9))*6/(-8). Suppose -o = 3*n - i, 3*o - 1272 = 6*n - 3*n. What are the prime factors of o?
2, 3, 71
Suppose 57611 - 543971 = -84*d. List the prime factors of d.
2, 3, 5, 193
Let l(b) = -145*b + 22. Suppose 12*m = -4*v + 7*m - 38, 4*m - 6 = 2*v. What are the prime factors of l(v)?
17, 61
Suppose -15*t + 16350 = t + 9*t. What are the prime factors of t?
2, 3, 109
Suppose 6*p + 127 = 439. Suppose 0 = 2*t - 5*w - 189, 3*w - 2 = w. Let k = p + t. What are the prime factors of k?
149
Suppose 0 = -199*k + 5041561 - 87257. List the prime factors of k.
2, 389
Suppose 3069 = 2*b + i, 40*b - 39*b = -4*i + 1538. What are the prime factors of b?
2, 13, 59
Let r(s) = -4*s**2 + 23*s - 13. Let z(f) = 8*f**2 - 45*f + 24. Let t(y) = -5*r(y) - 2*z(y). What are the prime factors of t(-10)?
23, 29
Suppose 2*y + 44 = 13*y. Let v(d) = 14*d**3 - 3*d**2 + 2*d - 15. What are the prime factors of v(y)?
29
Let v = -6666 + 12139. Suppose -3*b + o = -v, 3*b - 5477 = -8*o + 7*o. List the prime factors of b.
5, 73
Let l(m) = 36*m**2 - 214*m - 8. Let d be l(6). Let o be 30/9*12/10. Suppose d*a - 36 = o*u, -4*a + 5*u - 2 = -35. List the prime factors of a.
2, 3
Let c(y) = 14*y**2 - 857*y + 118. List the prime factors of c(97).
5, 9743
Let n(v) = -v**3 - 9*v**2 - 8*v - 8. Let r be n(-13). Let g be (r/2 - -3 - 1)*1. Suppose 0*w - u - g = -4*w, 76 = w + 5*u. List the prime factors of w.
2, 3
Let q be (231/63)/((-1)/(-3)). Let g(w) = 2*w**2 - 4*w - 15. List the prime factors of g(q).
3, 61
Suppose -4*j + 30 = 2*k, -k - j + 23 = 3*j. Suppose 0 = k*q - 2*q - 2820. List the prime factors of q.
2, 3, 47
Let f(o) = -o**2 - 13*o + 12. Let u be f(-14). Let b be 0*(u + (-2 - 2) + 7). What are the prime factors of (4 - 14/2) + 84 + b?
3
Let d(c) = 61*c - 32. Let t be d(6). Suppose -4*a + 1366 = 5*o, 5*o - t = -a - 0*o. List the prime factors of a.
2, 43
List the prime factors of 516126/27 + (24/(-432))/(2/(-8)).
2, 3, 59
Let x = -4557 + 6779. List the prime factors of x.
2, 11, 101
Suppose -5*u = -16878 - 2477. Suppose -20 = -3*w + 5*q + 2297, -5*w - q = -u. What are the prime factors of w?
2, 3, 43
Let n(a) = a**3 + 6*a**2 - 12*a + 10. Let u be n(4). Let g = -108 + u. Suppose 5*z = t + 669, -412 = -3*z + 4*t - g. What are the prime factors of z?
2, 67